+ 1587. Calculate the greatest common divisor of x and 1575.
35
Let n be 1184/(-3) - 40/(-60). Let p be (-10)/(-45) + n/(-9). Let m(r) = 34*r - 2. Let x be m(2). What is the greatest common divisor of x and p?
22
Suppose 2*y = -5*v + 40, -6*v - 8 = -2*y - 3*v. Let d be 3/((-9)/420*-2). Calculate the highest common factor of d and y.
10
Suppose 4*u = 4*b + 10284, -134*b + 132*b = -4*u + 10292. Calculate the highest common factor of 50 and u.
25
Suppose -10*l = 15*l - 1575. Calculate the greatest common divisor of l and 18.
9
Let i be (-2)/4*50/(-15)*1074. Calculate the highest common divisor of 10 and i.
10
Let d(x) = -23*x - 1. Let c be d(-1). Suppose -3*t - 5*o = t - 548, 0 = 2*o. Let q = -135 + t. What is the highest common factor of q and c?
2
Suppose -36 - 4 = -10*c. Suppose f + 3*j = -8, 2*j = -c - 4. Calculate the greatest common divisor of f and 36.
4
Suppose -7*l = -3*l - 168. Let j = 197 - 209. Let p be l/j*-1*4. Calculate the greatest common divisor of p and 126.
14
Let y be ((-10)/6)/(-5 - (-6116)/1224). Calculate the highest common divisor of 68 and y.
34
Let d be 164/((-3)/3*3/(-6)). What is the greatest common factor of d and 8?
8
Let r(z) = 206*z**2 - 10*z - 59. Let p be r(-4). What is the greatest common divisor of p and 113?
113
Let y be (1/(-2))/(12/(-24)). Let k be (-20)/(-1)*(6/4 + y). Calculate the greatest common factor of 10 and k.
10
Suppose -47 = -4*z + 1. Suppose 10*q = 9*q + z. What is the highest common factor of q and 60?
12
Suppose 2*v + v = 660. Suppose -r + 60 = 3*r. Let w = r + 5. What is the greatest common factor of w and v?
20
Let o = 629 + -428. What is the highest common factor of 3 and o?
3
Let t be (9/(-6))/((-4)/192). What is the highest common factor of 108 and t?
36
Suppose 3*i + 120 = -5*r, 0 = -5*r + i + i - 120. Let m = -22 - r. Let p be 2 - (0 + -1 + m). What is the highest common factor of p and 9?
1
Let g be 1/(-6)*2*-9. Suppose -p - 5*v - 7 = 3*p, v = -p - 1. Suppose 3*k + 2*k = j + 17, p*k - 17 = -3*j. Calculate the greatest common divisor of g and j.
3
Let n be (-1588)/(-15) + -6*(-11)/495. What is the highest common factor of 901 and n?
53
Suppose 3*y + 10 = -b + 11, y - 19 = -5*b. Calculate the highest common factor of b and 20.
4
Let r be (112/40)/((-5)/(-325)). Calculate the greatest common factor of 28 and r.
14
Suppose 0 = -2*y + 2 - 8, 5*f + 4*y - 13 = 0. Suppose 2*t - 3*t - f*b + 36 = 0, 0 = 2*t - 2*b - 48. What is the highest common factor of 26 and t?
26
Suppose 6 = -o + 4*w, 3*o - 4*w - 3 = -13. Let p be 0 - ((-3 - o) + 16). Let r = p + 19. What is the greatest common factor of r and 20?
4
Suppose 10*x - 2039 = -489. Calculate the greatest common factor of x and 31.
31
Suppose -22 = 121*x - 123*x. What is the highest common factor of 88 and x?
11
Let d(m) = -32*m - 87. Let c be d(-20). Calculate the highest common factor of c and 158.
79
Suppose -63*b - 864 = -67*b. What is the highest common factor of b and 135?
27
Let a(f) = f**3 + 10*f**2 - 10*f + 22. Let p(m) = -m**2 + 5. Let x be p(4). Let c be a(x). What is the highest common divisor of c and 22?
11
Let o(q) = 19*q + 1. Let r be o(4). Suppose 6*t - 4*t = 5*d - 55, -55 = -5*d - 3*t. Calculate the highest common factor of d and r.
11
Let w be 0 + -8 + -3 + 0. Suppose 1 = 3*x - 2*x. Let h be x - -3 - (w - -10). What is the greatest common divisor of h and 40?
5
Suppose 2*n = 7*n. Let m be -1 + 1 - -8 - n. Suppose 4*b = -3*f - 4, 0*f = 2*f + 8. Calculate the greatest common divisor of b and m.
2
Suppose 0 = -6*p + 4*p + 6. Suppose -p*x + 2 + 7 = 0. Let v be -1 + (27/3 - -1). What is the greatest common factor of v and x?
3
Let q(h) = -h**3 - 5*h**2 - 5*h - 2. Let r be q(-4). Let o(d) = 7*d**2 + 3*d. Let y be o(1). What is the greatest common divisor of y and r?
2
Let d be -4*2/(-4)*1. Let m(j) = 5*j - 2. Let a be m(1). Suppose -3 = -d*o + a. Calculate the greatest common factor of 27 and o.
3
Suppose h + 3*h - 318 = 5*j, -4*h + 310 = -j. Suppose 13*r - 8 = 135. What is the greatest common divisor of r and h?
11
Let o = -174 - -363. What is the highest common factor of 42 and o?
21
Suppose 30 = 5*q + 5*f, -q - 6 = -5*q + 5*f. Suppose 0 = -q*m, -2*n + 5 = -m - 39. Let h = 60 + -58. What is the highest common factor of h and n?
2
Let u(r) = -2*r + 3. Let p be u(-1). Suppose -p*c - 219 = -924. Calculate the highest common factor of 47 and c.
47
Suppose -2*s + 4 = -52. Let q = -19 + s. Suppose 0 = 3*d - q + 3. Calculate the highest common factor of 2 and d.
2
Suppose -2*j = -5*g - 16, 0 = 4*g + g - j + 18. Let p be (-2 - -4) + 0/(-2). Let y be (g - -9)*(p + -1). What is the highest common divisor of 10 and y?
5
Let t = -13940 + 14228. Suppose -8 = 4*w, o = -o + 2*w + 76. What is the highest common divisor of o and t?
36
Let s be ((-11)/(-22))/(2/8). Let j be (-3 + 4)*-1 + s. Calculate the highest common divisor of j and 9.
1
Let d be -1 + 5 + (-3 - -4 - 2). Suppose -d*z + 2*f - 8 = -5*z, -2 = -3*z - 5*f. What is the highest common factor of z and 1?
1
Let v = -391 + 719. Calculate the greatest common divisor of v and 8.
8
Let x = 2 + 10. What is the greatest common factor of 804 and x?
12
Let i(u) = u**3 - 6*u**2 - u + 8. Let g be i(6). Let a = g + 0. Let k be (a + -35)/(0 - 1). What is the highest common factor of 22 and k?
11
Suppose 2*n - 4*t + 28 = 3*n, 119 = 5*n - t. Suppose 4 = -2*g + 2*k - 58, -k = 3*g + 89. Let o = 36 + g. What is the highest common factor of o and n?
6
Suppose -v - 4*v + 220 = 0. Let u be (1 - 0)*2/1. Let p be ((-143)/39)/(u/(-36)). Calculate the highest common divisor of v and p.
22
Suppose -5*o - 4*v = -142, -23*v + 56 = 2*o - 21*v. Calculate the greatest common factor of o and 282.
6
Let d = -22 + 43. Let n(y) = y**3 + 3*y**2 - 3*y - 2. Let j be n(-3). Calculate the highest common divisor of j and d.
7
Let v(m) = -13*m**2 - 3*m - 1. Let d be v(-1). Let y = d + 11. Suppose 2*t + y*t = -4*p + 76, -4*t + 97 = -3*p. What is the highest common factor of 70 and t?
14
Let j = 146 + -118. What is the greatest common factor of 238 and j?
14
Let c be (-15)/(-2 - 3) + 32. Let x be ((-350)/(-4))/((-17)/(-34)). Calculate the greatest common divisor of c and x.
35
Let w be -6*(160/(-88) + 4/(-22)). Suppose 5 + 139 = 4*p. Calculate the greatest common divisor of w and p.
12
Let v be 6*1/((-24)/(-32)). What is the highest common divisor of v and 808?
8
Suppose 0 = 3*a + 25*a - 4788. What is the highest common divisor of 19 and a?
19
Let z(g) = 9*g**2 - g. Let i be z(-1). Suppose a - 3 = -2*a. Let w(s) = 3*s**3 - 1. Let r be w(a). Calculate the highest common divisor of r and i.
2
Suppose -5*m + 42 + 68 = 0. Suppose -b - v = -m, -4*b - 5*v + 84 = -2*v. Calculate the greatest common divisor of 36 and b.
18
Let l(t) = -t + 4. Let q be l(-7). Let d = -3 + q. Let n(m) = -37*m - 10. Let h be n(-2). Calculate the highest common divisor of d and h.
8
Let s = 116 - -94. Suppose -5*i = z + z - 152, 3*z - 3 = 0. What is the highest common factor of s and i?
30
Let g be (-2)/(-1)*(-49)/2. Let h = g - -53. Calculate the highest common divisor of 20 and h.
4
Let b be 2/(-4 + (-113)/(-14) + -4). What is the greatest common factor of 126 and b?
14
Suppose 142*c - 143*c = -4. What is the highest common divisor of c and 36?
4
Suppose 0*y - y + 3 = 0. Suppose -5*x + 13 = 3*z, -z + 5*x = -19 + 8. Suppose 3*j = y + z. Calculate the greatest common factor of 21 and j.
3
Let z = 704 - 701. Calculate the highest common factor of z and 1263.
3
Let v = -517 - -551. Calculate the greatest common divisor of v and 238.
34
Suppose 0 = 5*s - 3*s - 114. Suppose 0 = -4*q - 103 + 31. Let w be 58/3 - (-6)/q. Calculate the highest common divisor of s and w.
19
Let o = -3 + 7. Let u be 4 - o/(20/15). Calculate the greatest common divisor of 8 and u.
1
Let y = -86 + 161. Let l(n) = -4*n - 1. Suppose -5*v + 2*j - 14 = 0, 2*v = -j - 14 + 3. Let f be l(v). Calculate the greatest common divisor of f and y.
15
Let d be 331520/333 - 8/(-18). Calculate the highest common divisor of d and 12.
12
Let d be -5*(0 - (-24)/(-5)). Suppose 0 = -2*p - 6, -29 = -5*m + 2*p + p. Suppose -6 = m*k - 6*k. What is the greatest common divisor of k and d?
3
Let m be 2/(-2) - (-7)/(14/92). Suppose -2*y + 5*f = -5*y + m, -y = 3*f - 11. Calculate the greatest common divisor of 60 a